997
In base 8, what is -34626 - 1027?
-35655
In base 8, what is 426145 - 10?
426135
In base 12, what is -336 + -33?
-369
In base 2, what is 101 - -111011000100111100?
111011000101000001
In base 12, what is -22796 - -4?
-22792
In base 16, what is -1 + 4f834?
4f833
In base 11, what is 0 - -2550?
2550
In base 3, what is 10110101 + 11000?
10121101
In base 5, what is 1330442 - -10?
1331002
In base 12, what is 1a0 - 50a?
-32a
In base 5, what is 40 + -13000134?
-13000044
In base 10, what is -185 - 212?
-397
In base 6, what is -23005 + -122?
-23131
In base 11, what is 1 + -2807?
-2806
In base 8, what is 60042 + 165?
60227
In base 16, what is -5 + ac22?
ac1d
In base 2, what is -10001 - 1001101010101101000?
-1001101010101111001
In base 9, what is -162 - 3072?
-3244
In base 5, what is 41323 - 0?
41323
In base 7, what is -262 - -22?
-240
In base 8, what is 10 - 375355?
-375345
In base 11, what is -2819 + -7?
-2825
In base 14, what is 69 - -9882?
990b
In base 10, what is -112 - 912?
-1024
In base 10, what is 1860 + -8?
1852
In base 16, what is -a - 3ec1?
-3ecb
In base 7, what is -30454 + 40?
-30414
In base 16, what is 15d2 + 1?
15d3
In base 6, what is -5 + 4120455?
4120450
In base 7, what is -25 - 3152?
-3210
In base 15, what is 244 - -2c7?
51b
In base 6, what is 222243345 - 1?
222243344
In base 6, what is -315013 + -10?
-315023
In base 3, what is 1222 + -121010112?
-121001120
In base 5, what is 110 - 104324?
-104214
In base 4, what is 1330 - -200031?
202021
In base 7, what is 30 + -335323?
-335263
In base 4, what is 100111302 - -10?
100111312
In base 13, what is -738a9 - 1?
-738aa
In base 12, what is -2b + 19b8?
1989
In base 12, what is -1b3a + 15a?
-19a0
In base 16, what is -451 + 2a?
-427
In base 16, what is -a + 58b?
581
In base 16, what is 6259 - 61?
61f8
In base 9, what is -4586 - -458?
-4127
In base 2, what is -11100 + -11110?
-111010
In base 3, what is 1120 + -1001022?
-222202
In base 2, what is 10111 - 1011010101111?
-1011010011000
In base 15, what is bab - 22?
b89
In base 14, what is -17 + 7bc8?
7bb1
In base 5, what is -24431 + 123?
-24303
In base 13, what is -318 - 7?
-322
In base 7, what is -10403 - 24?
-10430
In base 12, what is -232b5 - -15?
-232a0
In base 13, what is -b96 - -3?
-b93
In base 5, what is 144041 - 3?
144033
In base 8, what is -2 + -16540?
-16542
In base 16, what is -3a1f + -3?
-3a22
In base 6, what is 231 + -1025?
-354
In base 5, what is -1033031412 + -4?
-1033031421
In base 7, what is -5 + 1141602?
1141564
In base 9, what is 832 - 18?
813
In base 12, what is 9913 + -1?
9912
In base 14, what is -6b43d5 + 1?
-6b43d4
In base 3, what is 11 + -1001012100?
-1001012012
In base 6, what is 5 - 142114?
-142105
In base 13, what is 5 + -b1a7?
-b1a2
In base 12, what is -385 - 39?
-402
In base 13, what is 967b + -c?
966c
In base 7, what is -1 - 20244?
-20245
In base 16, what is 58a - 1c?
56e
In base 9, what is 355 - 232?
123
In base 2, what is -1111011010111 - 11?
-1111011011010
In base 15, what is -5e - 8b9?
-928
In base 3, what is -10020 + -111?
-10201
In base 14, what is 45d + -910?
-491
In base 6, what is 304 - -1150?
1454
In base 8, what is 10 + -47520?
-47510
In base 4, what is -3000023 + -223?
-3000312
In base 4, what is -21131013 + 220?
-21130133
In base 10, what is 12593 - -16?
12609
In base 14, what is -5 - 3339?
-3340
In base 14, what is -d36 + 6?
-d30
In base 7, what is -2506 + 110?
-2366
In base 8, what is -4 + -254032?
-254036
In base 16, what is -a - -985?
97b
In base 10, what is -68254 - -4?
-68250
In base 15, what is 230 - 12c5?
-1095
In base 3, what is -2101021121 + 111?
-2101021010
In base 15, what is -5a3c - -2?
-5a3a
In base 7, what is 352522 + 4?
352526
In base 6, what is 22 - 224?
-202
In base 7, what is 45450 - -20?
45500
In base 7, what is -10 + 1403?
1363
In base 5, what is -2134 - -21002?
13313
In base 9, what is -8 + 40314?
40305
In base 9, what is -3742 + -253?
-4105
In base 6, what is -1303 + 2002?
255
In base 8, what is -253 + -2373?
-2646
In base 4, what is -13 + -23121203?
-23121222
In base 2, what is 11100001011011 + -1100110?
11011111110101
In base 16, what is 4fe4b + 0?
4fe4b
In base 11, what is -7a + a23?
954
In base 14, what is 2 + 6588?
658a
In base 7, what is -3 - -42254?
42251
In base 15, what is 4 + -5e04?
-5e00
In base 13, what is 45 + bb0?
c25
In base 16, what is 35 - 176?
-141
In base 7, what is 0 + 122343?
122343
In base 16, what is -15462 + -5?
-15467
In base 6, what is -25 - -2435?
2410
In base 13, what is 16 - -2022?
2038
In base 13, what is -217 + -1a?
-234
In base 4, what is -3 + 13120231?
13120222
In base 14, what is 6300 + 5?
6305
In base 5, what is -22 + -134101?
-134123
In base 14, what is -560 + -1d?
-57d
In base 5, what is 2041433 - -1?
2041434
In base 13, what is 1c180 + -7?
1c176
In base 12, what is 7122 - -4?
7126
In base 2, what is -10 - 110110010010100?
-110110010010110
In base 3, what is -2121221212 - 0?
-2121221212
In base 16, what is e + -5656?
-5648
In base 2, what is -100100111101010 - 1001?
-100100111110011
In base 11, what is -a163 + 0?
-a163
In base 3, what is -1121212 + -12001?
-1210220
In base 10, what is -110845 + -4?
-110849
In base 3, what is 101211022 - -10011?
101221110
In base 12, what is 13 + -9?
6
In base 8, what is -3622543 + -1?
-3622544
In base 6, what is 105 + -300050?
-255541
In base 14, what is 10 + -278?
-268
In base 11, what is -2346 - -6?
-2340
In base 7, what is 443 + -1154?
-411
In base 4, what is 31202120 + 0?
31202120
In base 14, what is -4858 - -4?
-4854
In base 10, what is -47526 - 10?
-47536
In base 12, what is -a715a + 1?
-a7159
In base 3, what is 1222 + 112100?
121022
In base 5, what is -21031223 + -3?
-21031231
In base 8, what is 70 - -4522?
4612
In base 8, what is -26452 + 46?
-26404
In base 14, what is -1 - -37189?
37188
In base 4, what is 21030322 + 33?
21031021
In base 16, what is 59 + -5cdc?
-5c83
In base 7, what is -63 - -1105?
1012
In base 3, what is -1000221 + -212002?
-1220000
In base 8, what is -4155 - 617?
-4774
In base 10, what is -2124 - 11?
-2135
In base 14, what is cb05 + -8?
cadb
In base 4, what is -2103 + -202311?
-211020
In base 6, what is -5 + 30055220?
30055211
In base 9, what is -3 - -805712?
805708
In base 12, what is -292 - 232?
-504
In base 14, what is 19c24 + -1a?
19c08
In base 3, what is 21111 + -202100011?
-202001200
In base 5, what is -1401 + 43124?
41223
In base 3, what is -120 + -2100222?
-2101112
In base 2, what is -10010110011001 - -1?
-10010110011000
In base 5, what is 0 + -142242302?
-142242302
In base 4, what is 11011 - -10101?
21112
In base 4, what is -13 - 1333220212?
-1333220231
In base 16, what is -1159 - -15?
-1144
In base 15, what is -545314 + -5?
-545319
In base 15, what is 57 - -20e5?
214c
In base 5, what is 12321 - 414?
11402
In base 5, what is -221 + -102412?
-103133
In base 12, what is 3 + -1b0a85?
-1b0a82
In base 2, what is 11111010111100 + -10110?
11111010100110
In base 7, what is -461 - -356?
-102
In base 2, what is 1101000101010100111001 - -11?
1101000101010100111100
In base 13, what is 31494 - -7?
3149b
In base 7, what is 0 - -5355030?
5355030
In base 13, what is 2 + 48a9?
48ab
In base 7, what is 156 - 41461?
-41302
In base 2, what is 11 - 11000010000100000?
-11000010000011101
In base 6, what is 1150214 + 0?
1150214
In base 2, what is 1010101000101 + 0?
1010101000101
In base 5, what is -4031 + 12141?
3110
In base 16, what is -2 - bc9?
-bcb
In base 5, what is 14 - 302133?
-302114
In base 9, what is 76 - 6720?
-6633
In base 7, what is -1020 - -32?
-655
In base 11, what is -a77a - -13?
-a767
In base 15, what is -109a7 - 13?
-109ba
In base 15, what is 365d - 25?
3638
In base 4, what is 102013210 - 132?
102013012
In base 2, what is 101011101 - -1110000?
111001101
In base 14, what is 1 - -45a4?
45a5
In base 13, what is -2115 - -18?
-20ca
In base 13, what is 1 + -1068a?
-10689
In base 11, what is 11 + 318?
329
In base 7, what is 2 - -64226?
64231
In base 14, what is 2 + 20b77?
20b79
In base 11, what is 5 + 42a654?
42a659
In base 6, what is -2054 - 2311?
-4405
In base 15, what is 6 + 9e5?
9eb
In base 14, what is -26 + 1193?
116b
In base 9, what is 13868 - -113?
14082
In base 6, what is 11 - 104533?
-104522
In base 3, what is -1210 + 22221?
21011
In base 4, what is 10 + 133012120?
133012130
In base